-2*h. Suppose 5*b + 6 = -h. Let v(u) = 2*u**2 - 3*u - 5. Let d(i) = i**2 - i - 2. Let a(o) = -7*d(o) + 3*v(o). What is a(b)?
-4
Let i(z) = -13*z + 10. Let g(u) = 7*u - 5. Let d(v) = -11*g(v) - 6*i(v). Determine d(9).
4
Let g(w) = -w - 4. Suppose -2*f + 2 + 6 = 0. Suppose -f = -0*h + h. What is g(h)?
0
Let n(y) = -15*y**3 + 6*y**2 - 11*y - 13. Let w(k) = -7*k**3 + 3*k**2 - 5*k - 6. Let r(z) = 6*n(z) - 13*w(z). Determine r(3).
-3
Let f(s) = -s**3 - 3*s**2 + 2*s + 3. Let i be f(-3). Let x(n) = -n - 4. Let v be x(i). Let b(l) = -9*l + 1. Determine b(v).
10
Let t = 4 - 0. Let d(o) = -o**2 + 5*o + 3. Determine d(t).
7
Let g(t) = t. Let b(z) = 4*z - 3. Let u(p) = b(p) - 3*g(p). Calculate u(-5).
-8
Let t(m) = -4*m + 1. Let s(q) = 7*q - 2. Let n(k) = 6*s(k) + 11*t(k). Give n(-2).
3
Suppose -53 = -4*t - 17. Let w(v) = -v**2 + 10*v - 12. Give w(t).
-3
Suppose 0 = 2*h + 3 - 17. Let t(a) = -a**3 - 3*a - h*a + 1 + 7*a**2 + a + 7. Give t(6).
-10
Let s = -14 - -16. Let x(z) = z**3 + 3*z**2 + 3*z + 2. Let r(l) = l**3 - l + 1. Let y(p) = s*r(p) - x(p). What is y(4)?
-4
Suppose 28 = -0*o + 4*o. Let x(h) = h - o*h**3 + 4*h**2 - 3*h**2 + 14*h**3 + h + 1. Determine x(-1).
-7
Suppose 2 = a - 0. Suppose s = -3*s + 4*k - 12, -4*k + 4 = -a*s. Let w(f) = f + 9. What is w(s)?
5
Suppose -3*s + k + 9 = 0, -3*s - 3*k + 21 = -0*s. Suppose -2*a - s = -3*a. Suppose -t - a*t = 0. Let h(l) = l. Determine h(t).
0
Let z(c) = c**3 + 16*c**2 - c - 22. Let l be z(-16). Let d(u) = u**2 + 5*u - 5. Calculate d(l).
1
Let n(j) be the third derivative of -1/20*j**5 + 0*j**3 + 0 + 0*j - 1/24*j**4 - 2*j**2. Let k = 1 - 2. What is n(k)?
-2
Let c be 4/(-400)*(-5)/6. Let p(t) be the third derivative of 0 - 1/20*t**5 - c*t**6 - 2*t**2 - 1/12*t**4 + 0*t - 1/6*t**3. What is p(-2)?
-1
Let n(p) be the first derivative of p**3/6 + 2*p**2 + p + 6. Let s(l) be the first derivative of n(l). Give s(-5).
-1
Let z(r) = -3*r + 3 + 17*r**2 - 1 - 27*r**2 + 9*r**2. Let q be -1 + -1*(4 - 2). Calculate z(q).
2
Let g(x) be the third derivative of x**8/20160 - x**7/840 + x**6/144 + x**5/60 + x**2. Let j(h) be the third derivative of g(h). What is j(4)?
-3
Let r(b) = -b**2 + 5*b + 2. Suppose -2*i - 76 = 5*g, -2*i + 2*g = 26 + 36. Let h be -2*3/(-18)*i. Let u(o) = o**2 + 9*o - 16. Let m be u(h). Determine r(m).
-4
Let p be (-95)/(-30) - 2/3. Let f(s) be the second derivative of 0 + p*s**2 - 1/3*s**3 - s. Give f(4).
-3
Let i(q) = q**3 + 3*q**2 - 2*q + 4. Let w = -15 + 11. Give i(w).
-4
Let m(g) = -8*g + 1. Suppose -3*v = -2*a - 17, 0 = 3*a + 4*v + 3 - 20. What is m(a)?
9
Let d(z) be the second derivative of z**5/20 + z**4/4 - 2*z**3/3 + 3*z**2/2 - 8*z. Determine d(-4).
3
Let p = 18 + -18. Let n(w) = w**3 - w**2 + w - 3. Give n(p).
-3
Suppose 8*a - 3*a = 0. Suppose m = -a*m. Let k(s) = -s**2 + s - 6. Determine k(m).
-6
Let b(u) = -u**2 + 3*u. Let o be b(4). Let r(v) = -v**3 + 8*v**2 + 5. Let z be r(8). Let n(i) = -z + i - i - i. What is n(o)?
-1
Let g(l) = -l**2 - 2*l + 3. Let v(p) = p**3 + 5*p**2 + p - 1. Let o be v(-5). Let a be o/(-15)*(1 - 11). Calculate g(a).
-5
Let c(r) = 3*r**2 + 11*r. Let o(l) = l**2 + l - 1. Let d(s) = -c(s) + 4*o(s). Determine d(6).
-10
Let x(u) = -2*u + 7. Let v(p) = -3*p + 14. Let i(n) = -3*v(n) + 5*x(n). What is i(-8)?
1
Let r(g) = -g**3 - g + 7. Suppose 5*z - 8 = z. Let f(u) = u**2 - 5*u + 6. Let o be f(4). Let a = z - o. Determine r(a).
7
Suppose 5*w - 33 = 27. Suppose -d + 2*o = w, -1 - 19 = d - 4*o. Let a(q) be the third derivative of q**4/12 + 2*q**3/3 + q**2. Give a(d).
-4
Let j(u) = -4*u - 8. Let r(v) be the first derivative of 1 + 1/2*v**2 + v. Let i(g) = j(g) + 3*r(g). What is i(-3)?
-2
Let u(j) = j + 7. Suppose 5*l = y + 27, l - 3*y - 9 = -2*l. Let r(v) be the first derivative of v**4/4 - 7*v**3/3 + 5*v**2/2 - 1. Let a be r(l). Calculate u(a).
1
Let q(k) = k**2 + 5*k - 3. Let z be 4/(-2)*6/(-2). Suppose -3*b = -z + 18. What is q(b)?
-7
Let k(t) = t**3 - t**2 - t + 19. Let w be k(0). Suppose 4*o + 5 = -o - q, 2*o = 3*q - w. Let h(u) = -u**2 - 3*u - 1. Give h(o).
1
Suppose -21 = -2*q - 3. Suppose 8 = q*n - 7*n. Let f(b) = -2*b + 6. What is f(n)?
-2
Let r(h) = -h**3 - h - 1. Let n(c) = -3*c**3 - 6*c**2 + 6*c + 4. Let q(m) = -n(m) + 2*r(m). Give q(-7).
1
Let g be -9*(4/6 - 1). Suppose -7*i - 20 = -g*i. Let b(m) = m**2 + 4*m + 7. Determine b(i).
12
Let y(r) = 2*r - 2. Let q be (-6)/((2/(-6))/(2/12)). What is y(q)?
4
Let x(f) = -2*f**2 + f + 2. Suppose -2*i = -2*n - 8, -12 = -4*i + 3*n + 9. Let g = i + -11. Give x(g).
-8
Let q(r) = r**3 - r**2 - r. Suppose 3*g = -4*a + 136 - 1, 0 = -4*a + 5*g + 159. Suppose a = -2*b - 18. Let v be 4/(-18) - 6/b. Determine q(v).
0
Let r(m) be the third derivative of m**5/60 + m**4/8 + m**3/6 - 2*m**2. Let h(d) = d**2 - 3*d - 3. Let t be h(4). Let a be -5 + (t - 0)*1. Determine r(a).
5
Let i(o) = -2*o**3 + 3 + 3*o**3 + 116*o - 6*o**2 - 113*o. Determine i(4).
-17
Let i(k) = 2*k**3 + k**2 - 1. Suppose 0*u + 3*u + 12 = 0. Let l = -6 - u. Calculate i(l).
-13
Let j(w) = w + 1. Let u = -2 + 5. Suppose 2*g + 7 = -u*t + 18, -3*t + 10 = g. Suppose -t*p - 11 + 2 = 0. Determine j(p).
-2
Let m be -2 + (7 - 0/(-1)). Let g(p) = 5*p**2 + 2*p**2 - 3*p**2 + m*p - p**3 + 1. Let t be (-15)/(-3)*2/2. Calculate g(t).
1
Let w = 7 + -6. Suppose -3*d - 2 - w = 0. Let u(r) = -5*r**3 + 2*r**2 + r. Calculate u(d).
6
Let v(k) = -k. Let r = -36 + 50. Suppose -3*w = -4*o - r, -w - w + 5*o + 14 = 0. Suppose -5*a - 22 = -3*m, -2 = m + w*a + a. What is v(m)?
-4
Suppose 3*s - 2 = 10. Let b(j) = -j**3 + 3*j**2 + 7*j - 6. Calculate b(s).
6
Let h(k) = k**3 - 2*k - 1. Let x = 9 - 7. Give h(x).
3
Let r(o) = 2*o + 1. Let z(s) = -6*s - 3. Let m(d) = 11*r(d) + 4*z(d). Suppose 3*h + 4 = -2*q - 0, 4*q + 6 = -5*h. Determine m(q).
-3
Let b(v) = -3*v - 57*v**3 + 2*v - 1 - v**2 + 73*v**3. Calculate b(-1).
-17
Let a(n) = -2*n**2 - n + 1. Let p = -3 + 4. Let w be -1 - p/(-1)*2. Give a(w).
-2
Suppose -13 + 21 = 2*h. Let y(k) = k**3 - 3*k**2 - 5*k - 1. Calculate y(h).
-5
Suppose -14 = -2*g + 2. Suppose g = -4*a - 16. Let u(y) be the first derivative of -y**2/2 - 6*y - 1. Determine u(a).
0
Suppose 2*j + 0*j - 13 = g, -4*j + 3*g = -31. Let f = -7 + 9. Let l(n) = -f*n + 8*n + n**2 - 1 + 3 - 9*n. Calculate l(j).
6
Let p(j) = -j**2 + j + 14. Let d be (-11)/(-33) + (-2)/6. Give p(d).
14
Suppose -48 = 4*j + 8*j. Let u(l) be the third derivative of -l**4/12 - l**3 + 2*l**2. Determine u(j).
2
Let u = 13 + -22. Let y(q) = 2*q + 10. Give y(u).
-8
Let t(i) be the first derivative of i**2 - i - 5. Let w be (-15)/(-13) + (-12)/78. What is t(w)?
1
Let b(p) = -p**2 + 7*p - 1. Suppose 0 = -4*s + 8*s - 20. What is b(s)?
9
Let j(h) = h**2 + 5*h. Let v be (-10)/(-4)*(-196)/(-35). Let n be v/(-7) - (4 - 0). What is j(n)?
6
Let n(i) = -i**2 - 3*i + 11. Let v = -51 + 43. Give n(v).
-29
Let i(l) be the first derivative of l**4/4 - 2*l**3 + 5*l**2/2 - 4*l - 9. Let o be ((-4)/8)/((-1)/10). Determine i(o).
-4
Let r(s) = -17 - 4*s - s - 13 + 27. Determine r(-2).
7
Let g(c) = -c**3 - 2*c**2 - 2. Suppose -k - 12 = -5*t + 18, 0 = 5*k. Suppose d + 5*h + t = 13, 5*d + 4*h + 7 = 0. Determine g(d).
7
Let r(w) = -w**2 - 2*w - 1. Suppose -2*t + 14 = -4*h + 38, -5*h = 4*t - 4. Give r(t).
-9
Let l(g) = 4 + 61*g + g**2 - 28*g - 13 - 30*g. Calculate l(-7).
19
Let h(r) be the second derivative of -r**3/6 - r**2 + 4*r. Determine h(-2).
0
Let c(h) = h**3 + 4*h**2 + h. Let y be c(-4). Let i = -1 - y. Suppose 4*f = 4*b + 12, -7*f + i = -4*f - b. Let m(g) = g**3 + 6. What is m(f)?
6
Let h = 0 + -1. Suppose 2 = 5*d - 28. Let q(g) = -d - 8 - 6*g + 15. Give q(h).
7
Let v(i) = 9*i - 9*i**2 - 1 + 2*i**2 + 6*i**2. Calculate v(8).
7
Let j(t) = 4*t - 6. Let d(p) = 3*p - 6. Let z(q) = 5*d(q) - 4*j(q). Suppose -5*n = 5*c, -21 = 2*c - 2*n - 3*n. What is z(c)?
-3
Suppose 4*g - j + 2 = 0, 5*j - 3 = -4*g - 17. Let n(t) be the second derivative of 1/3*t**3 + 0 + t + 3/10*t**5 + 1/2*t**2 + 0*t**4. Determine n(g).
-7
Let p(i) = -i**2 + i - 1. Let s = 18 + -17. Determine p(s).
-1
Let u be (-12)/(-8) - 1/(-2). Let o(g) = 4*g**2 - 3*g + 2. Let m(y) = y**3 - 9*y**2 + 7*y - 5. Let x(n) = u*m(n) + 5*o(n). What is x(-2)?
-6
Let i(t) = t**3 + 3*t**2 - 4*t - 1. Let h be i(-4). Let v(a) = -8*a**3 - a**2 - 2*a - 1. Determine v(h).
8
Let s(a) be the first derivative of 2 - 